 18.
18
Let h be (-4 + 6)/((-6)/(-4) + -1). Suppose 96 = -h*l + 8*l. Let y = 3 + l. What is the greatest common factor of y and 108?
27
Suppose -2*u + 2277 = 143. Suppose -6575 = -12*k - u. Calculate the greatest common divisor of 17 and k.
17
Let v(b) = 42*b**2 - 182*b - 728. Let q be v(-4). What is the highest common factor of 40 and q?
8
Let y be 1 - (3/12 + (-91)/(-4)). Let r = 38 - y. Calculate the greatest common factor of r and 96.
12
Let r(x) = -15475*x - 2225. Let g be r(-1). Calculate the greatest common divisor of g and 318.
106
Suppose -3*z = -o + 21, -2*o + 86 = -2*z + 40. Let u be 1/(184/60 - 3). Suppose 0 = -4*x - x + u. What is the greatest common divisor of x and o?
3
Let y be (-14)/18*-3*78. Suppose 0*m = 2*m - 8, 21*m = a + 70. Calculate the highest common factor of a and y.
14
Suppose 5 = 2*p - 3. Suppose 3*j - 144 = -2*o, -p*o - 51 = 4*j - 243. What is the highest common factor of j and 12?
12
Suppose -2*g - 8 = 0, -14*g = 3*l - 11*g + 21. Let d be (l - -9)/((-14)/(-483)). Calculate the greatest common factor of 138 and d.
69
Let z(g) = -2*g**2 - 3*g + 7. Let n be z(2). Let s be (-664)/(-6) - n/((-189)/18). What is the highest common divisor of s and 132?
22
Suppose 293 + 1345 = r. Suppose 0*m + r = 9*m. Suppose -m - 130 = -3*c. What is the greatest common factor of c and 13?
13
Let h = -3185 + 3326. What is the highest common factor of h and 6?
3
Suppose 0 = 24*q + q + 12*q - 1591. What is the greatest common factor of q and 56674?
43
Suppose 4*b = -x + 43556, 0 = 68*b - 71*b - 5*x + 32684. What is the highest common divisor of 8 and b?
8
Let z be (5/(-3) + 2)*42. Let g be (6 - 1 - 28)*-1. Suppose 2*v = -8, 8*v + g = d + 4*v. What is the greatest common factor of d and z?
7
Let j = -1174 - -1414. What is the greatest common factor of j and 340?
20
Let w = -1 + 4. Suppose 2*n - n - 1 = 0, -w*g + 4*n = 7. Let p be (-1)/g - 1065/(-15). What is the greatest common divisor of 8 and p?
8
Suppose -364 = -4*m - 7*v + 11*v, 0 = -3*m - 3*v + 255. Calculate the greatest common divisor of m and 164.
4
Let g(k) = k**3 + 10*k + 450. Let a be g(0). Let s be (-9 + a/(-20))*4/(-1). Calculate the highest common factor of 105 and s.
21
Let x = 654 + -655. Let a be (-3)/2*140*x. What is the greatest common factor of a and 70?
70
Suppose -q = 3*l - 15, -3*q + 0*q - 20 = -4*l. Let g(t) = 13 + 6 + t + 2 - 10 - 2. Let f be g(l). What is the highest common divisor of 56 and f?
14
Let b(q) = -7*q - 20. Let v(o) = o + 2. Let i(z) = -b(z) - 6*v(z). Let y be i(6). Calculate the highest common divisor of 112 and y.
14
Let f(t) = -754*t**3. Let c be f(-1). Let v = 23353 + -23295. Calculate the highest common divisor of v and c.
58
Let b(j) = -9*j + 1746. Let k be b(50). What is the greatest common factor of 24 and k?
24
Suppose 2*p - 7 = 1. Suppose 149*v = -37*v + 186. What is the greatest common factor of v and p?
1
Let m(a) be the second derivative of -a**3/6 - 2*a**2 + 25*a. Let n be m(-8). Suppose -8*j + n*j + 128 = 0. What is the greatest common divisor of j and 16?
16
Suppose -7*w = 5*s - 4*w - 7, -4*w = 2*s + 14. Calculate the greatest common factor of s and 685.
5
Suppose 3*z = 5 + 4. Suppose o - 57 = -z*s, -176 = -4*o - 2*s + 3*s. Calculate the highest common factor of 180 and o.
45
Let f(m) = m**2 + 4*m - 6. Let j be f(2). Let n be -1*3/(j/(-26)). Let l = -26 - -39. What is the highest common factor of l and n?
13
Let a be 1818/(-8)*-1 - 3/12. Let y = a + -172. Suppose -5*x + 23 + 2 = 0. Calculate the greatest common factor of y and x.
5
Let a = -337 - -319. Let t be 10/((-180)/(-8114)) + (-4)/a. Calculate the greatest common divisor of t and 44.
11
Let x = -198 - -176. Let v = x + 118. What is the highest common factor of 72 and v?
24
Let v(c) = 3*c + 149. Let j be v(17). Let q(u) = 7*u + 6. Let w be q(7). Let x = w + -15. Calculate the greatest common divisor of j and x.
40
Let a be ((-12)/(-20))/(27/180). Let k(m) = 31*m**2 + 15*m - 43. Let w be k(a). Calculate the highest common divisor of 27 and w.
27
Suppose 60461 = 47*y - 10039. What is the greatest common divisor of y and 6?
6
Suppose -3*f - 59*c + 55*c = -12547, f + 2*c = 4181. What is the greatest common factor of f and 270?
135
Suppose -238*t + 11*t = -184739 - 194805. Calculate the highest common divisor of 198 and t.
22
Suppose -27597 - 16060 = -207*u - 3913. Let n be 15 + 7/(7/(-3)). Calculate the greatest common divisor of n and u.
12
Let u = 5934 + -5324. Calculate the highest common factor of u and 110.
10
Suppose 2*k + 146 = b - 29, -3*b - k + 518 = 0. Suppose -b = -7*z + 9. Suppose -21 = 7*f - 112. Calculate the highest common divisor of f and z.
13
Let s(p) = 164*p - 3643. Let d be s(23). What is the greatest common divisor of d and 3053?
43
Let u be (-1 + 1 + 0)/(-1). Suppose u = y + y - 6. Let m = 1486 + -1471. What is the highest common factor of m and y?
3
Suppose -2*o = -n + 7, 4*n - 35 = o - 0*o. Suppose -10 = -5*l, 4*l = r + n*l - 66. What is the greatest common divisor of r and 1400?
56
Let h be 16/(-7 - -3) + 29. Let u = h + 2. Let x = -48 - -57. What is the highest common factor of u and x?
9
Suppose 2*d - 12 = -2*d. Let x be 6/(-2) - (-39)/d. Let i be (96/(-40) + 6)*(1 + 24). What is the highest common factor of i and x?
10
Let g(i) = -40*i - 1162. Let s be g(-40). Calculate the highest common divisor of 3 and s.
3
Let l(i) = 2*i**2 - 6*i + 4. Let u be l(2). Let t be 1 + 64 + (7 - (u - -3)). Calculate the greatest common divisor of 483 and t.
69
Let d be (-1 - (-3)/3)/1. Suppose d = 7*t - 2*t - 1615. Let c be (-1)/(-4) - (1 + t/(-4)). Calculate the greatest common factor of c and 10.
10
Let g be ((-2698988)/(-56))/17 + 6/(-84). Calculate the greatest common factor of 35 and g.
35
Let s be (0/(-2) - (4 - -32))/(-2). Suppose -14*d + s = -5*d. Suppose 5*q - d*w + 5*w = 258, 4*w = 3*q - 149. Calculate the greatest common divisor of 68 and q.
17
Suppose 4*i = -m - i + 106, -5*m + 5*i + 440 = 0. Let n be 2/(-2) - -15 - 9/9. Suppose -66 - 103 = -n*t. What is the highest common factor of t and m?
13
Let k(l) = 114*l + 6359. Let v be k(-47). Calculate the greatest common divisor of v and 182.
91
Suppose 2*x - 20 = -h + 4, x + 6 = -5*h. Suppose -x*a = -5*a - 315. Calculate the highest common divisor of a and 70.
35
Let z = 2257 + -2251. Let q be (2/(-5))/((-3)/30). Suppose z*n - 56 = q*n. What is the greatest common factor of 70 and n?
14
Let s(l) = -4*l + 333. Let y be s(52). Calculate the greatest common divisor of y and 4625.
125
Let c(h) = -h**3 + 3*h**2 + 8*h + 7. Let m be c(4). Suppose -19*x + m*x = 80. What is the highest common factor of 170 and x?
10
Suppose 5*q + 25 = 0, q - 2 = -t - 1. Let h(f) = -f**3 + 2*f**2 + 8*f + 2. Let s be h(-4). What is the greatest common divisor of s and t?
6
Let g(u) = u**3 - 30*u**2 - 147*u + 402. Let c be g(34). What is the greatest common divisor of c and 7?
7
Let q(l) = -l**3 + 18*l**2 - 15*l - 20. Let p be q(17). Let f = -17 + p. Let w be ((-1)/2)/(f/72). What is the highest common divisor of w and 12?
12
Let i = 3041 - 3037. What is the highest common divisor of 172 and i?
4
Let d(w) = -w - 8. Let o be d(-1). Let x(h) = -55*h - 242. Let k be x(o). Calculate the highest common factor of 117 and k.
13
Let b = -723 - -838. Calculate the greatest common factor of b and 621.
23
Let c be (9*75/405)/(2 + (-22)/12). What is the highest common divisor of 208 and c?
2
Let g be (-9354)/(-39) - 5/65*-2. Calculate the highest common factor of 54 and g.
6
Let v(r) = 1821*r - 12187. Let l be v(7). Calculate the greatest common divisor of l and 1040.
80
Let s = 60 + -42. Let q be (-194)/s + -1 - 4/18. Let y = 26 + q. Calculate the highest common divisor of y and 70.
14
Let z(b) = 13 - 6 + b**3 + 50*b + 10 - 18*b**2 + 6*b. Let h be z(14). Let u be (34/(-8))/(1/(-4)). What is the highest common factor of u and h?
17
Let i = 11 - 11. Suppose 5*v - 346 + 141 = i. Calculate the highest common factor of 123 and v.
41
Suppose 4*k = -3*p + 3, -3*p = 8 + 1. Suppose k*a = 2*a - 5. Let u = a + 12. What is the highest common factor of 7 and u?
7
Let h = -71 + 73. Suppose -h*o = 5*o - 504. What is the highest common factor of 9 and o?
9
Let n be 4 - (-2 + 3 + 5). Let z be -7*((-26)/(-13))/(n/32). What is the highest common divisor of z and 48?
16
Let